*2 - 3*x - 12. Let g be q(5). What are the prime factors of 12/9 + g - (-22390)/15?
2, 373
Let s(l) = 30*l**2 + 9*l - 58. Suppose 106*h = 115*h - 45. What are the prime factors of s(h)?
11, 67
Let d = 22686 + -6389. List the prime factors of d.
43, 379
Let d(h) = h**2 - 3*h - 13. Let o be d(7). List the prime factors of (48/(-20))/(-6) + 2994/o.
2, 5
Suppose 21*h - 352584 = 328515 - 226932. What are the prime factors of h?
3, 89
Let i = -1347 + 2186. What are the prime factors of i?
839
Suppose 0 = 4*l - y + 3*y - 89572, -y = -6*l + 134382. List the prime factors of l.
2, 11, 509
Let l = -222 - -144. Let m = -71 - -43. Let c = m - l. List the prime factors of c.
2, 5
Let p = -265 + 265. Suppose -10*j + 1821 + 1409 = p. What are the prime factors of j?
17, 19
Let i(q) = -13*q + 25. Let r be i(14). Let v = 94 - r. Suppose 5*y = d + v, -5*d + 26 = 3*y - 119. List the prime factors of y.
2, 5
Let y(u) = 8*u**2 - 22*u + 401. What are the prime factors of y(12)?
1289
Let x(s) = -749*s + 13. Let g be x(-1). Let l = g - 614. List the prime factors of l.
2, 37
Let k be -7*(5 - 3)*(-2)/4. Suppose k*t = 228 + 150. List the prime factors of t.
2, 3
Let p(n) be the first derivative of 39*n**2 + n + 15. List the prime factors of p(4).
313
Let r be (7 - 7) + 4*1. Suppose -v = r*h - 53, v - 23 = -3*h + 28. Suppose 2*j + 5*k = 345 + v, -4*j + 750 = -5*k. What are the prime factors of j?
2, 5, 19
Let p(q) = -q**3 - 13*q**2 + q + 30. Let w be p(-13). Suppose w*n - 1304 + 267 = 0. List the prime factors of n.
61
Suppose -1560471 = -112*w + 15*w + 705837. List the prime factors of w.
2, 3, 11, 59
Let r = 36 - -6. Let s = 271 - r. What are the prime factors of s?
229
Let s = -142617 + 208803. List the prime factors of s.
2, 3, 3677
Suppose -4*b + 45 = 5*b. Suppose 0 = -5*f + b*g + 2755, -2*f = -f + 2*g - 557. What are the prime factors of f?
7, 79
Let c(h) = -139*h - 179. Let k(y) = -327*y - 358. Let u(w) = -7*c(w) + 3*k(w). Let f = 0 - 0. List the prime factors of u(f).
179
Let z = 12126 - -160. List the prime factors of z.
2, 6143
Let g(c) = 40*c**2 + 70*c - 262. What are the prime factors of g(4)?
2, 7, 47
Suppose 16*p = -4*p + 40. Let k be (15/(-2))/(2/12). List the prime factors of -1*2/(p/k).
3, 5
Suppose -2*q - 3 = -7. Suppose -2*u + 313 = g, -q*u + u + 4*g = -152. Suppose 6*j + 2*f - 478 = 3*j, f = j - u. What are the prime factors of j?
2, 79
Let z be 3*(-3)/(-6)*(-504)/(-54). Suppose 0 = -5*s + z*s - 5769. List the prime factors of s.
641
Let f(s) = -45*s + 5. Let l be f(-1). Let z = l - 22. What are the prime factors of z?
2, 7
Let f = -41947 - -72955. List the prime factors of f.
2, 3, 17, 19
Let g(f) = 6*f - 40. Let d be g(7). Suppose 0*h - d*h = -50. Suppose 127 = 3*x + h. List the prime factors of x.
2, 17
Suppose -4 = -2*i + j - 8, i = 3*j - 12. Let p be -11*(i - (3 + -1)). Suppose 5*q + 4*o - 226 = 0, -p = -q - 4*o + 36. List the prime factors of q.
2, 3, 7
Let u be (0 - (-2)/1)/((-4)/(-158)). Let k = 115 - u. Suppose 7*p = k + 6. What are the prime factors of p?
2, 3
Let u = -516 - -1796. List the prime factors of u.
2, 5
Suppose 5*z + 1632 = -7*z. Let y = z + 357. List the prime factors of y.
13, 17
Let j = -13 - -16. Suppose d = -j*d + 2*d. List the prime factors of d - (-97 + (3 - -1)).
3, 31
Let g(t) = 2205*t - 7736. What are the prime factors of g(41)?
19, 229
Suppose 5*g = p + 327, -5*g - 101 = -4*p - 434. Let t = -150 + 114. Let f = t + g. List the prime factors of f.
29
Let j be -11*3*3/9. Let y = j + 11. Suppose y*f - 4*s - 236 = -2*f, -2*s = 5*f - 602. List the prime factors of f.
2, 3, 5
Suppose 7*s - 5620 = 218. Suppose -3*r + s = -9*r. Let y = r - -204. What are the prime factors of y?
5, 13
Suppose -2*f = 3*i - 12079 - 109159, i - 4*f = 40380. List the prime factors of i.
2, 5051
Let l(r) = 319*r - 5. Suppose 5*d = -4*q - 1, 0 = q - 4*q + 3*d + 6. What are the prime factors of l(q)?
2, 157
Suppose 4*g - 100984 = -j + 43418, 0 = -g + 5*j + 36132. List the prime factors of g.
2, 3, 11, 547
Suppose 3*a + 2*t - 1880 = 7404, -9286 = -3*a - t. List the prime factors of a.
2, 3, 43
Suppose 929811 = 67*j - 503855. List the prime factors of j.
2, 13, 823
Let i(t) = 17*t**2 + 38*t - 114. Let s(p) = 14*p**2 + 38*p - 114. Let l(b) = 5*i(b) - 6*s(b). What are the prime factors of l(-25)?
3, 563
Let o(x) = -8*x + 31 - 20 - 15. Let j be o(-1). Suppose 5*f = 0, j*h + 5*f - 19 = 169. List the prime factors of h.
47
Let w be (-2)/8 - 366/(-24). What are the prime factors of 5/w*3*37?
37
Let j = 2791 - 1956. Suppose 3645 + j = 14*r. Suppose -r = -5*u + 5*o, -3*u + 2*o = -5*u + 124. List the prime factors of u.
3, 7
Let w(s) = s**2 - 2*s + 11. Let g be w(7). Suppose g*j - 48*j + 6 = 0. Suppose 0 = -r - j*r + 320. List the prime factors of r.
2, 5
Let z(n) = -579*n - 11572. List the prime factors of z(-22).
2, 11, 53
Let f be (20/40)/(2/(-8)) - 2. List the prime factors of 304 - (-10 + 7 - f).
3, 101
Let v = 134 - 134. Suppose v = -4*h - 309 + 2949. What are the prime factors of h?
2, 3, 5, 11
Suppose 4*w - 1833 - 2123 = 0. What are the prime factors of w?
23, 43
Let g(i) = i**3 - 14*i**2 - 18*i - 18. Let f be g(15). Let r = -44 - f. Suppose -r = -4*c + 5. List the prime factors of c.
2, 3
Let a(y) = 22*y. Let z be a(18). Suppose 43*v - z = 39*v. Let d = -29 + v. List the prime factors of d.
2, 5, 7
Let q(y) = y**2 - y + 1. Let p(m) = -m**3 + 14*m**2 - 38*m - 27. Let d(f) = p(f) + 5*q(f). What are the prime factors of d(12)?
2, 5, 47
Suppose -16 = -r + 2*t, 10 = 3*r - t - 13. Suppose 5*c = -25, 3*b - r*b + 3008 = 2*c. What are the prime factors of b?
2, 503
Let p be 1 + (0 - -117) + -2. Let i(a) = -12*a - 30. Let b be i(-9). Let v = p - b. What are the prime factors of v?
2, 19
Let p = 93632 + -39569. List the prime factors of p.
3, 6007
Let n(d) = -d**3 + 29*d**2 + 36*d + 58. Let l(x) = x + 2*x + 7*x**2 - 4*x + 0*x**2. Let j be l(-2). What are the prime factors of n(j)?
2, 7, 17
What are the prime factors of ((-5222)/(18 + -17))/(2/(-21))?
3, 7, 373
Suppose 89*o - 1413840 = -10*o + 51*o. What are the prime factors of o?
5, 43, 137
Let t(o) = 4*o**2 - 3*o**2 - 8 - 11*o - 10*o - 3 - 2*o**2. List the prime factors of t(-13).
3, 31
Let u(f) = 317*f**2 - 5*f - 13. What are the prime factors of u(-3)?
5, 571
Let z be 3 - (3/(-15) - 2/(-10)). List the prime factors of z/(-2)*100/(-30).
5
Let s(k) = k**2 + 10*k + 32. Let q be s(-6). List the prime factors of -1*6/q + 22785/60.
379
Let j(t) = -t**3 + 6*t**2 - 7*t + 10. Let x be j(6). Let n = -30 - x. Suppose 22 = m + n*l - 21, -m - l = -48. List the prime factors of m.
53
Suppose -o + 1840 = d, 6*o + 5516 = 3*d + 8*o. Suppose 26*k = 8*k + d. What are the prime factors of k?
2, 3, 17
Let s be 8 - (3 + 1)*(-6)/(-24). Let a(w) = w**3 - 6*w**2 - 2*w - 7. Let r be a(s). Suppose 3*y - 274 = -r. List the prime factors of y.
2, 41
Suppose 0 = -y + c + 14226, -20*y + 317239 = -4*c + 32719. List the prime factors of y.
2, 3, 2371
Let h(l) = -l**3 + 3*l**2 + 3*l + 5. Let k be h(4). Let u be -5 - 42*40/(-30). Let m = u - k. List the prime factors of m.
2, 5
Suppose -2*p + 569 = -z, -3*z = 3*p + 40 - 889. Suppose 2*j + 5*a + 249 - 27 = 0, a + 426 = -4*j. Let g = p + j. What are the prime factors of g?
2, 89
Let v(y) = -416*y - 1020. What are the prime factors of v(-17)?
2, 17, 89
Let m = 3259 - -12812. List the prime factors of m.
3, 11, 487
Let n = -7 + 42. Suppose n = 4*g + g. Suppose -2*l + g*l + 156 = 2*i, -3*i + 221 = -l. What are the prime factors of i?
73
Suppose -95546 = 11*v - 42*v + 931825. List the prime factors of v.
3, 11047
Suppose -679*o + 683*o = 7708. Suppose 0 = 3*i - 6*i - 3, 5*i - o = -4*t. What are the prime factors of t?
3, 7, 23
Suppose -3*c = -5*t + 102499, -18*t + 14*t + 4*c + 81996 = 0. List the prime factors of t.
13, 19, 83
List the prime factors of ((-4 - 2522) + 16)/(-2).
5, 251
Let k(q) = -q**3 + 2*q**2 - 8*q - 368. Let p be k(0). List the prime factors of 4134/11 + (-4 - p/88).
2, 47
Let l(h) be the second derivative of -3*h - 10*h**2 + 0 + 1/3*h**4 - 7/6*h**3. What are the prime factors of l(7)?
127
Let q be (-54)/(-36)*2816/(-2). Let f = 2959 + q. What are the prime factors of f?
7, 11
Suppose -4*n + 6765 = 5*v - 51880, -2*n - 5*v = -29335. List the prime factors of n.
3, 5, 977
Suppose